hen 41555 is divided by 5?
0
Calculate the remainder when 3039 is divided by 2882.
157
What is the remainder when 39938 is divided by 646?
532
What is the remainder when 8962 is divided by 8834?
128
Calculate the remainder when 502914 is divided by 251451.
12
Calculate the remainder when 21730 is divided by 35.
30
What is the remainder when 4456 is divided by 633?
25
Calculate the remainder when 28085 is divided by 151.
150
What is the remainder when 5796 is divided by 2?
0
What is the remainder when 91417 is divided by 137?
38
Calculate the remainder when 2863 is divided by 501.
358
What is the remainder when 1680 is divided by 528?
96
What is the remainder when 12905 is divided by 398?
169
Calculate the remainder when 6408 is divided by 711.
9
What is the remainder when 4171 is divided by 30?
1
What is the remainder when 41265 is divided by 64?
49
Calculate the remainder when 10222 is divided by 934.
882
What is the remainder when 5893 is divided by 59?
52
What is the remainder when 14626 is divided by 582?
76
Calculate the remainder when 21618 is divided by 24.
18
What is the remainder when 22603 is divided by 26?
9
What is the remainder when 42370 is divided by 366?
280
What is the remainder when 1803 is divided by 663?
477
What is the remainder when 32307 is divided by 81?
69
What is the remainder when 8410 is divided by 513?
202
Calculate the remainder when 63454 is divided by 42.
34
What is the remainder when 1059 is divided by 813?
246
Calculate the remainder when 7745 is divided by 1274.
101
Calculate the remainder when 316235 is divided by 266.
227
Calculate the remainder when 54992 is divided by 6848.
208
What is the remainder when 10267 is divided by 602?
33
Calculate the remainder when 40029 is divided by 40008.
21
Calculate the remainder when 2047 is divided by 650.
97
What is the remainder when 2167 is divided by 202?
147
What is the remainder when 5154 is divided by 38?
24
What is the remainder when 63040 is divided by 568?
560
What is the remainder when 124509 is divided by 124464?
45
Calculate the remainder when 26126 is divided by 46.
44
Calculate the remainder when 8004 is divided by 3988.
28
Calculate the remainder when 2773 is divided by 73.
72
What is the remainder when 7037 is divided by 3509?
19
Calculate the remainder when 63568 is divided by 266.
260
What is the remainder when 30157 is divided by 208?
205
What is the remainder when 248261 is divided by 74?
65
Calculate the remainder when 16527 is divided by 20.
7
Calculate the remainder when 10572 is divided by 2191.
1808
Calculate the remainder when 16565 is divided by 593.
554
What is the remainder when 3565573 is divided by 15?
13
What is the remainder when 5156 is divided by 43?
39
What is the remainder when 51706 is divided by 663?
655
What is the remainder when 2766 is divided by 273?
36
Calculate the remainder when 12538 is divided by 3132.
10
Calculate the remainder when 18216 is divided by 18198.
18
What is the remainder when 19318 is divided by 838?
44
What is the remainder when 13449 is divided by 45?
39
Calculate the remainder when 161389 is divided by 616.
613
Calculate the remainder when 101279 is divided by 13.
9
What is the remainder when 28081 is divided by 3242?
2145
What is the remainder when 17450 is divided by 162?
116
Calculate the remainder when 79235 is divided by 570.
5
What is the remainder when 59765 is divided by 138?
11
Calculate the remainder when 11717 is divided by 1673.
6
Calculate the remainder when 88449 is divided by 84.
81
What is the remainder when 5240 is divided by 119?
4
Calculate the remainder when 9100 is divided by 42.
28
Calculate the remainder when 4274 is divided by 703.
56
Calculate the remainder when 10944 is divided by 3646.
6
Calculate the remainder when 31411 is divided by 252.
163
Calculate the remainder when 3297 is divided by 1644.
9
Calculate the remainder when 1075417 is divided by 16294.
13
Calculate the remainder when 6115 is divided by 219.
202
What is the remainder when 178889 is divided by 35769?
44
Calculate the remainder when 9339 is divided by 405.
24
What is the remainder when 808801 is divided by 51?
43
What is the remainder when 30686 is divided by 465?
461
Calculate the remainder when 215943 is divided by 141.
72
Calculate the remainder when 12520 is divided by 501.
496
What is the remainder when 1309514 is divided by 19?
15
Calculate the remainder when 72116 is divided by 3003.
44
What is the remainder when 22794 is divided by 7576?
66
Calculate the remainder when 452365 is divided by 228.
13
What is the remainder when 2340744 is divided by 55?
54
Calculate the remainder when 17769 is divided by 86.
53
What is the remainder when 1941312 is divided by 51?
48
What is the remainder when 60764 is divided by 317?
217
Calculate the remainder when 2365917 is divided by 139.
137
Calculate the remainder when 10663 is divided by 110.
103
What is the remainder when 14740 is divided by 493?
443
Calculate the remainder when 9444 is divided by 16.
4
Calculate the remainder when 44409 is divided by 140.
29
What is the remainder when 11490 is divided by 253?
105
What is the remainder when 200855 is divided by 40168?
15
Calculate the remainder when 13035 is divided by 37.
11
What is the remainder when 195295 is divided by 39057?
10
Calculate the remainder when 6881 is divided by 3103.
675
What is the remainder when 53779 is divided by 10?
9
What is the remainder when 515 is divided by 363?
152
Calculate the remainder when 4891 is divided by 44.
7
Calculate the remainder when 21344 is divided by 86.
16
Calculate the remainder when 730206 is divided by 100.
6
Calculate the remainder when 7143 is divided by 892.
7
Calculate the remainder when 43410 is divided by 216.
210
Calculate the remainder when 29103 is divided by 33.
30
Calculate the remainder when 20987 is divided by 1747.
23
Calculate the remainder when 5090 is divided by 799.
296
What is the remainder when 54641 is divided by 7804?
13
Calculate the remainder when 267 is divided by 61.
23
Calculate the remainder when 6033 is divided by 139.
56
Calculate the remainder when 939858 is divided by 849.
15
What is the remainder when 1168525 is divided by 165?
160
What is the remainder when 987 is divided by 286?
129
Calculate the remainder when 3292 is divided by 264.
124
Calculate the remainder when 962 is divided by 483.
479
What is the remainder when 135645 is divided by 99?
15
What is the remainder when 14197 is divided by 313?
112
Calculate the remainder when 9563 is divided by 25.
13
Calculate the remainder when 1506 is divided by 265.
181
What is the remainder when 513475 is divided by 44?
39
What is the remainder when 250910 is divided by 13?
10
Calculate the remainder when 31750 is divided by 55.
15
Calculate the remainder when 3091 is divided by 451.
385
Calculate the remainder when 25835 is divided by 91.
82
What is the remainder when 15921 is divided by 18?
9
What is the remainder when 7683 is divided by 405?
393
Calculate the remainder when 8838 is divided by 2195.
58
What is the remainder when 134091 is divided by 17?
12
What is the remainder when 1178956 is divided by 33?
31
Calculate the remainder when 99074 is divided by 17.
15
What is the remainder when 1651168 is divided by 157?
156
What is the remainder when 32203 is divided by 655?
108
What is the remainder when 9299 is divided by 94?
87
What is the remainder when 46421 is divided by 15466?
23
What is the remainder when 401 is divided by 39?
11
What is the remainder when 3009 is divided by 91?
6
Calculate the remainder when 8079 is divided by 83.
28
What is the remainder when 2832890 is divided by 495?
5
Calculate the remainder when 1692 is divided by 502.
186
What is the remainder when 72583 is divided by 36290?
3
Calculate the remainder when 366539 is divided by 10.
9
Calculate the remainder when 4274 is divided by 529.
42
Calculate the remainder when 37567 is divided by 15.
7
Calculate the remainder when 511794 is divided by 2007.
9
Calculate the remainder when 22842 is divided by 243.
0
Calculate the remainder when 53181 is divided by 92.
5
Calculate the remainder when 189340 is divided by 2.
0
What is the remainder when 79359 is divided by 1280?
1279
What is the remainder when 908196 i